). Let k(x) = -3 - 2*x - 3*x + s*x + 7. Give k(6).
-2
Let q(x) = -x**2 - 10*x - 6. Let d be (-52)/10 + (-28)/(-140) + -5. What is q(d)?
-6
Let z(b) be the third derivative of b**5/60 - b**4/4 - b**3/6 - b**2. Let t(o) = -2*o**3 + o**2 - 2*o - 1. Let l be t(-2). Let d = 29 - l. Determine z(d).
-1
Let t(l) = -l**2 + 10*l - 9. Let k(h) = h**3 + 3*h**2 - 15*h - 18. Let n be k(-5). Determine t(n).
12
Suppose 22*j = 9*j - 52. Let n(k) = 2*k**2 + 7*k - 2. Determine n(j).
2
Let y(i) = 3*i**2 + 8*i - 5. Let x be y(-4). Suppose g + x = 13. Let o(c) = 13*c. Give o(g).
26
Let o be 2 + -3 + 2 - -9. Suppose -o*b = -13*b - b. Let i(u) = -u - 21. Calculate i(b).
-21
Let u(a) = -4*a - 2*a**2 - 135807 + 0*a**2 + 135801. Give u(-5).
-36
Let y(v) be the third derivative of -v**4/12 - 5*v**3/6 + 20*v**2 - 3*v. Determine y(-5).
5
Suppose -5*i = i. Let h be 1 - i - 2/(-2). Let m(j) = -j**3 + 2*j**2 + j - 1. Calculate m(h).
1
Let c(i) = 4*i - 1 - i + 1 + 7*i**2 + 2. Let x be c(-2). Let g be 0 - (x/3)/4. Let u(p) = -p**3 - p**2 + 2. Calculate u(g).
6
Let f(t) = t**2 + 7*t - 3. Suppose -4*g + 25 = -75. Suppose -x - 20 = -g. Suppose x*b = -5*p - 55, 2*b + 3 = 2*p - b. Determine f(p).
-9
Suppose -6*d + d - 18 = -4*z, -d = -z + 3. Let c(q) = -q**2 + 2*q - 4. What is c(d)?
-52
Let o(b) be the third derivative of -1/12*b**4 + 0 + 1/3*b**3 - 10*b**2 - 1/120*b**6 - 1/15*b**5 + 0*b. Calculate o(-3).
-1
Suppose -3*h - 2*g + 5*g = -6, -5*h - g + 10 = 0. Let p(s) = -7*s - 9 - 2*s**2 + h + s**2. Determine p(-7).
-7
Let w(g) = -2*g**2 + g - 2. Let r(s) = -6*s**2 + 3*s - 7. Let m(v) = 2*r(v) - 7*w(v). Suppose -336*a + 349*a - 39 = 0. Calculate m(a).
15
Let y(c) = 7647*c + 32*c**2 - 10*c**2 - 7648*c. Determine y(-1).
23
Let q(c) = c + 1. Let p(j) = -3*j - 16. Let v(a) = -p(a) - 4*q(a). Let f(o) = -2*o + 25. Suppose 0 = 18*u + 1774 - 2008. Let s(n) = u*v(n) - 6*f(n). Give s(5).
1
Let x = 23 - 23. Let b = x + -6. Let w(q) be the third derivative of -q**5/60 - 5*q**4/24 + q**3/3 - q**2. Calculate w(b).
-4
Let p be -1*(-2)/(0 - -2). Let f(u) = -205 - 2*u + 12*u**2 + 3*u + 204. Give f(p).
12
Let f(z) = -4*z**3 - z**2 - z - 1. Let j be f(-1). Let x(u) be the first derivative of -u**2/2 + 4*u + 1378. Calculate x(j).
1
Let a = 6 - 10. Let n(v) = -4 + 2*v + 1 - 2*v**3 - 1 - 5*v**2 + 3. Let c(z) = -z**3 - z**2 - 1. Let u(s) = -c(s) + n(s). Determine u(a).
-8
Let l(h) be the second derivative of 0 - 1/2*h**2 - 1/2*h**3 - 8*h - 1/12*h**4. Suppose 4 + 17 = -4*a + 3*x, 0 = 4*x - 12. Determine l(a).
-1
Let y(x) = 4*x - 24. Let r(v) = -v + 8. Let g(t) = 7*r(t) + 2*y(t). Let i(c) = -1. Let a(k) = -g(k) - 6*i(k). Suppose 0*p - 6 = -3*p. What is a(p)?
-4
Let p(x) = x**2 - 19*x + 15. Let f = 464 + -446. What is p(f)?
-3
Let r(i) = 7*i + 4 - 2 - 5 - 15*i - i**2. Suppose 84 = 4*s + 116. Calculate r(s).
-3
Suppose -102 = -14*x - 18. Let y(q) = -q**2 + 5*q - 5. What is y(x)?
-11
Let h = -10 + 16. Let b(d) = -d + 3*d + 10*d - d**2 - h - 7*d. Determine b(4).
-2
Let b(f) = 32 + 4*f - 39 + 4*f. Let t(l) = -7*l + 6. Let z(w) = -5*b(w) - 6*t(w). Calculate z(-6).
-13
Let a(o) = -o**3 + 6*o**2 - 4*o - 2. Suppose 0 = -12*j - 11*j + 115. Determine a(j).
3
Let n(s) be the third derivative of s**6/120 + s**5/12 - 2*s**3/3 - 87*s**2. Determine n(-5).
-4
Suppose 27*b + 76 = 103*b. Let h(z) = 10*z + 5. Let x(a) = -5*a - 3. Let p(l) = 4*h(l) + 7*x(l). What is p(b)?
4
Let w(k) be the third derivative of k**5/60 + 5*k**4/12 + 16*k**3/3 - 23*k**2. Let g(m) be the first derivative of w(m). Give g(-7).
-4
Let r(l) = l**2 - 6*l - 2. Let b = 41 - 23. Let h(x) = x - 9. Let d be h(-4). Let f = d + b. Calculate r(f).
-7
Let l(f) = -f + 9. Let m = -2 + 4. Suppose m*x + x + 35 = 4*r, -3*r = -5*x - 40. Suppose -2 = -3*y - r, -2*i + 1 = -y. Calculate l(i).
9
Let y(x) be the second derivative of 0 + 16*x - 2*x**2 + 5/6*x**3. Give y(3).
11
Let l(c) = -c**2 - c + 1. Let q(f) = -17*f**2 - 1 + 5*f - 7 - 3*f + 20*f**2. Let v(z) = 4*l(z) + q(z). Determine v(-3).
-7
Let a = -585 - -591. Let z(c) = -c**3 + 4*c**2 + 14*c - 15. What is z(a)?
-3
Let r(l) be the second derivative of l**5/20 + l**4/12 - l**3/2 - 5*l**2/2 - 295*l - 2. Determine r(-3).
-14
Let z(k) be the second derivative of 5/2*k**2 + 0*k**4 + 9*k + 0 + 7/3*k**3 + 1/60*k**5. Let j(q) be the first derivative of z(q). Calculate j(0).
14
Let z(d) = -d**3 - d**2 + 2. Let i(y) = 4*y**3 + 20*y**2 + 18*y - 28. Let x(m) = i(m) + 5*z(m). What is x(16)?
14
Let b(n) be the first derivative of -n**7/840 - n**6/72 + n**5/60 + n**4/6 + 11*n**3/3 + 2. Let h(j) be the third derivative of b(j). Calculate h(-5).
-6
Let c = -15 - -14. Let u be (4 + -3)/(1/2). Let v(x) = 1 + 2*x + 2*x**2 + 9*x**u - x. Determine v(c).
11
Let p(k) be the second derivative of -k**3/6 + k**2/2 + 18*k. Let n(o) = o**2 + o - 6. Let s(r) = -n(r) - 5*p(r). Determine s(4).
1
Let j(r) = -19*r**3 + 35*r**2 + 7*r + 18. Let y(t) = 6*t + 6*t + 6 - 7*t**3 - 2*t + 12*t**2 - 8*t. Let x(n) = -4*j(n) + 11*y(n). Determine x(-7).
-13
Let i(x) = x**2 - 5*x + 3. Suppose 0 = f - 4*y + 20, 0 = -f + 7*y - 2*y - 25. Let r = 2 - f. Calculate i(r).
-3
Let p(y) = -2*y + 5. Let r be (-6)/((-150)/(-485)) - (-6)/(-10). Let z = 12 - -3. Let h = z + r. Give p(h).
15
Suppose -172*k - 37 = -167*k - 4*h, 0 = -3*k + 2*h - 21. Let t(l) = 4*l + 27. Determine t(k).
7
Let t(b) = 2*b - 2. Let a(p) = -15*p - 3. Let w(n) = -n - 1. Let s(f) = a(f) - 2*w(f). Let l be s(-1). Let j = -14 + l. Determine t(j).
-6
Let u(o) = 88 + 51 - 139 + o + 10*o**2. Let k be (0 + 4)*15/2. Suppose 15 = 3*b, p + 4*p + 5*b - k = 0. Give u(p).
11
Let r(s) = -s**3 - 5*s**2 + 6*s + 2. Let o(z) = -z**3 - 7*z**2 + 2. Suppose 35 = -7*v + 2*v. Let k be o(v). Suppose 0*n - k*n - 12 = 0. What is r(n)?
2
Let i be 95/2*60/75. Let f = -41 + i. Let g(b) = -2*b + 1. Let a(w) = 4*w - 2. Let h(c) = -6*a(c) - 11*g(c). What is h(f)?
7
Let o(p) be the first derivative of -3/2*p**2 - 17 + 6*p. Give o(6).
-12
Let z(u) = u**3 + 3*u**2 - 4*u - 3. Suppose 14*h + 486 = 5*h. Let o = h - -50. What is z(o)?
-3
Let p(t) = -t**3 + 7*t**2 + t - 4. Let d = 21 - 12. Let c be d + -8 - (1 + 0). Suppose -h = -c*h - 7. What is p(h)?
3
Let k(z) = -z**2 + 6*z + 6. Let d(t) = -7*t + 16. Let n(u) = -11*u + 24. Let h(j) = 8*d(j) - 5*n(j). Let r be h(5). Suppose 15 = 3*c - r. Calculate k(c).
6
Let p(r) = -355 + r - 2*r + 724 - 361. Give p(6).
2
Suppose -s - 24 = -21*m + 17*m, -3*s + m = 17. Let c(x) = 2*x + 13. Let r(v) = v + 6. Let l(j) = -3*c(j) + 7*r(j). Give l(s).
-1
Let z(r) = r**2 + 4. Suppose 6*b - 70 - 236 = 0. Suppose -5*d - 4*q = -b, q + 2 = -q. Suppose 0 = 9*l - d*l. Determine z(l).
4
Let k(g) = g**2 + 10*g - 7. Let n be k(-11). Let l = n - 1. Let c(w) = -2*w - 2*w - l - 3 + 0*w. Give c(-4).
10
Let w(v) = 4*v**3 - 14*v**2 + 20*v - 4. Let i(x) = -7*x**3 + 28*x**2 - 38*x + 8. Let a(t) = -3*i(t) - 5*w(t). Determine a(13).
9
Let c(w) = 2*w**3 + w**2 - 3. Let n be -7 + ((-80)/32)/((-2)/4). Give c(n).
-15
Let z(l) = -8*l - 6. Let n(a) = a + 2. Let x(j) = 5*n(j) + z(j). Let p(u) = -u**3 + 2*u**2 + 7*u - 7. Let b be p(3). What is x(b)?
-11
Let x be -6*10/(-15)*1. Let o(w) = -2*w**3 + 5*w**2 + x + 3*w**3 + 6*w**2 - 9*w**2. What is o(-3)?
-5
Suppose 0 = 69*w - 74*w. Let x(r) = 7*r - 29*r**2 + r**3 - 2 + 24*r**2 + w*r**3 - 3. Calculate x(4).
7
Suppose -3*g + 4*f = -f - 5, -2*f - 2 = 4*g. Let k(r) = -r - 15. What is k(g)?
-15
Suppose -w = 3*v + 3*w - 34, 4*w = 4*v - 36. Suppose 2*c = v*c - 8. Let f(b) = -12*b. Give f(c).
-12
Let z be (0 - -1)/((-9)/(-18)). Suppose -2*g + 3*u + 8 = 0, -1 = -4*g + z*u + 7. Let t(f) = 2*f**2 + 4*f - 4*f + 2*f - g + 2*f. Determine t(-3).
5
Let w(v) = -7*v + 19*v - 11*v + 6 - 2 - 4*v. Let r = 20 - -12. Suppose 5*d - 3*s = r, 1 = 4*d + 5*s + 5. What is w(d)?
-8
Let g(q) = 3*q**3 + 7*q**2 + 14*q + 40. Let r(n) = -n**3 - 2*n**2 - 5*n - 14. Let m(k) = 6*g(k) + 17*r(k). Give m(-8).
10
Let o(b) be the third derivative of b**5/3 + b**4/24 - b**3/6 - 3*b**2 + 8*b. Let d(l) = l**2 + 9*l + 9. Let y be d(-8). What is o(y)?
20
Let x = 4 + -2. Suppose -4*k - 2*g = -22, -2*k + 2*g = -0*k - 26. Let a(b) = -3 + 10 + 0 + b**x - k*b. Calculate a(6).
-5
Let a(g) = 3*g + 45. Let n(k) = 4*k + 67. Let f(j) = -7*a(j) + 5*n(j). Let y be f(17). Let d(v) = 2*v - 1. Determine d(y).
5
Let m(o) = o**3 + 7*o**2 + 2*o + 6. Let 